) = 3*c(u) - 4*r(u). What is the hundreds digit of q(-4)?
5
Let h(a) = a**3 + 22*a**2 - 24*a - 7. Let k be h(-23). Let q(s) = 48*s - 94. What is the units digit of q(k)?
4
Let y(m) = -m**2 - 14*m - 29. Let b be y(-7). Let l be (28/(-10))/(32/b - 2). Let t = 54 - l. What is the tens digit of t?
4
Let j(f) = -6*f**3 - 543*f**2 + 145*f - 203. What is the ten thousands digit of j(-92)?
6
Let f = 198 + -195. Suppose -750 - 36 = -f*o. What is the tens digit of o?
6
Let y = -13948 + 81854. What is the thousands digit of y?
7
Let s = -189 - -195. Let p(c) = c**3 + 6*c**2 + 13*c - 38. What is the tens digit of p(s)?
7
Suppose 1892*u = 1896*u - 22424. What is the hundreds digit of u?
6
Suppose -13*d + 2*y = -12*d - 28592, y + 3 = 0. What is the hundreds digit of d?
5
Let m = 43 - 40. Suppose -7*k + 4 = -m. What is the hundreds digit of k/3*(761 + -11)?
2
What is the hundreds digit of (-677808)/(-64) - (15/(-28) + (-2)/(-7))?
5
Let b = 21428 + -7538. What is the ten thousands digit of b?
1
Let h(i) = 731*i - 1862. What is the units digit of h(7)?
5
Suppose 20*i - 25*i - 20 = 0. What is the units digit of i/((-1095)/(-366) + -3)?
8
Suppose -610*k = -605*k - 475. Let h = k - -450. What is the tens digit of h?
4
Let x = 18 + -9. Suppose x + 2 = y. Let z = 15 + y. What is the units digit of z?
6
Let r = -518 + 548. Suppose -40 + r = -2*w. What is the units digit of w?
5
Let h(g) = -5*g**3 + 4*g**2 + 10*g - 22. What is the tens digit of h(-9)?
5
Let s = 124704 + -52673. What is the ten thousands digit of s?
7
Let o = -3039 - -1062. Let l = -1316 - o. What is the units digit of l?
1
Suppose -2*i = 5*t - 4 - 4, 4*t + i = 4. Let p(d) = 10*d - 6*d + 2 + 8 + t. What is the units digit of p(7)?
8
Suppose 17*i - 379 = 726. Suppose 848 = 69*v - i*v. What is the hundreds digit of v?
2
Let y(i) = -i**3 + 2*i**2 - i - 3. Let d be y(-2). Let s be d/(-10)*-1 - 1/(-2). Suppose 2*t - 19 = -s*j + 27, 4*t - 2*j = 68. What is the tens digit of t?
1
Let o(n) = -645*n + 1465. What is the hundreds digit of o(-5)?
6
What is the units digit of (8 + 33/(-5))*5045 - 0?
3
Let f(d) = 140*d + 226. Let j be f(9). Let q = j - 864. What is the units digit of q?
2
Let x(f) = -f**2 + 15*f - 71. Let c be x(17). What is the units digit of (-2389)/(-8) - c/280?
9
Let j(z) = -44*z**2 - 4*z - 7. Let c be j(-2). Let y = -63 - c. Let o = y - 58. What is the units digit of o?
4
Let d = 27561 + -8737. What is the units digit of d?
4
Let d(i) be the second derivative of 19*i**4 + i**3/2 - i**2/2 - 8*i - 3. What is the tens digit of d(1)?
3
Let r(f) = -14*f**2 - f + 26. Let d(t) = -t**2 + 2*t - 1. Let k(n) = -5*d(n) - r(n). What is the units digit of k(-4)?
9
Let y = -2206 + 3495. Suppose -3*l + 139 + y = 0. What is the tens digit of l?
7
Let l be 3/18 + (-1 - 51/(-18)). Suppose -3*r = 4*h - 10, -2*h = -0*r + 3*r - l. Let n(b) = -b**3 + 3*b**2 + 5*b + 4. What is the units digit of n(r)?
4
Let m(t) = -5*t**3 - 13*t**2 + 30*t - 12. Let z be m(-14). Suppose 5*v - z = 4*c, 3*v - v = -4*c - 10768. What is the hundreds digit of c/(-20) + 3/(-2)?
1
What is the hundreds digit of 8428563/1881 - -2*2/38?
4
Let w = 16 - 8. Let i = w + 6. Let u(n) = n**3 - 12*n**2 - 19*n + 21. What is the hundreds digit of u(i)?
1
Let j be (927/18)/((-2)/(-4)). Let b = j + -105. What is the tens digit of b*(118/(-3) - 1/6)?
7
Suppose -c + 115*m + 38629 = 120*m, c = -2*m + 38605. What is the units digit of c?
9
Let l(f) = 575*f - 603. What is the units digit of l(5)?
2
Let l(o) = 303*o**2 + 8*o - 42. Let q be l(7). What is the units digit of 2/4 + (q/14)/11?
7
Suppose -855862 = -778*i + 665*i. What is the units digit of i?
4
Suppose 0 = 811*g - 742*g - 385986. What is the hundreds digit of g?
5
What is the units digit of ((6/(-8))/((-6)/12))/(14/2604)?
9
Let o be (-68)/(-28) + -3 + 75/21. What is the units digit of o/(-2)*(-495 + (-4 - 3))?
3
Suppose 0 = -7*y - 11*y + 8190. Suppose -8*r + y = -321. What is the tens digit of r?
9
Let j(p) = 6636*p + 1373. What is the tens digit of j(1)?
0
Suppose -2*a + 2*u = -10378, 0*u = -5*u + 25. What is the units digit of a?
4
Let j be (-6 - -554)/1 + -4. What is the units digit of 1 + -8 + 1*j?
7
Suppose -3*x + 8*x - 3*n - 65 = 0, 4*x + 3*n = 25. Let d be (-2)/2*(0 - x). Suppose -5*m = -d + 5. What is the units digit of m?
1
Suppose 162 = n + 46. Suppose 65*z = 154*z - 75*z - 28. What is the tens digit of 1 + (0 - z) + (n - 1)?
1
Let j(b) = b**3 - 23*b**2 + 60*b - 273. Let x be j(21). Let o be 857/4 + 2/(-8). Let c = o - x. What is the units digit of c?
9
Let y(o) = o**3 - 10*o**2 - 5*o + 8. Let m be y(11). Let r = -31 + m. Let p = 113 - r. What is the tens digit of p?
7
Let y(z) = 431*z + 78. Let j(p) = 433*p + 77. Let c(l) = 3*j(l) - 4*y(l). What is the units digit of c(-2)?
9
Suppose 3*r - k = -2, 10*k = r + 6*k - 3. What is the units digit of r*(-8)/((-16)/(-3446))?
3
Let g = 19292 - 10417. What is the units digit of g?
5
Let n be (-30)/18*(3 - 9). Suppose -n*h + 11200 = -3*h. Suppose -9*u = 11*u - h. What is the units digit of u?
0
Suppose 0 = 5*s - 3*u - 6130, 34*u - 30*u = s - 1209. What is the tens digit of s?
2
Suppose 4*w = 9*w + 270. Let j = -52 - w. Suppose -2*i - j*q = -0*i - 64, 3*i - 99 = -2*q. What is the tens digit of i?
3
Let h = 6355 - -2400. What is the units digit of h?
5
What is the thousands digit of 55/(-10) + 52495/10?
5
Let y be (-338)/(-7) + 48/(-168). Suppose y*d - 1538 = 46*d. What is the hundreds digit of d?
7
Let x = 43 - 30. Let b = 56 + x. Let o = 136 - b. What is the units digit of o?
7
Suppose 0 = 2*y - 3*c - 69710, 0 = 4*y + 361*c - 357*c - 139360. What is the hundreds digit of y?
8
Let m(b) be the third derivative of 113*b**5/60 + b**4/6 - b**3/6 - 20*b**2. Let q be m(1). Suppose 6*i - q = 262. What is the tens digit of i?
6
Suppose 2*m = 44 + 44. Let v(o) = 9*o - 31. Let z be v(6). Let b = m - z. What is the units digit of b?
1
Let x(r) = 7*r**3 + 13*r**2 - 41*r - 14. What is the hundreds digit of x(4)?
4
Suppose 0*q = q - 5*f - 4, -2*q + 8 = 5*f. Suppose q = 51*p - 47*p. What is the hundreds digit of p + 0 + 164/1?
1
Let y be ((-20)/(-40) + 12)/((-2)/4). Let r be (68/3)/((-2)/12). Let u = y - r. What is the tens digit of u?
1
Suppose -2*o - 590*i + 2202 = -592*i, 2*o - 3*i - 2204 = 0. What is the tens digit of o?
9
Let q = -43 - -47. Suppose q*b + 1 = k, 3*k - 3 = -8*b + 4*b. Suppose b = 4*j - 1004 + 92. What is the units digit of j?
8
Suppose -10*f - 8*r = -13*f + 35888, -f + r = -11956. What is the ten thousands digit of f?
1
Suppose -288 = 8*r - 9*r. Suppose -12*f + r = -9*f. What is the units digit of f?
6
What is the tens digit of (-425)/(-17) - 565728/(-24)?
9
Let h be (-10)/6*(-3)/(-1). Let d(f) = -125*f - 6*f**2 + 65*f - 2*f**3 + 66*f + 0*f**3 + 14. What is the tens digit of d(h)?
8
Suppose 0 = -5*z + d - 29, -2*z - z + 3*d - 27 = 0. Let b be 39/26 - (90/4)/z. Suppose -10*t + b*t + 140 = 0. What is the tens digit of t?
3
Let d = 159 + -159. Suppose 4*a = -4*p - d*p + 140, -3*p - 168 = -4*a. What is the units digit of a?
9
Let b(i) = -500*i - 750. Let u(z) = -83*z - 125. Let s(d) = -6*b(d) + 35*u(d). What is the tens digit of s(11)?
7
Let n(t) be the third derivative of t**6/120 + t**5/30 + 11*t**4/24 - t**3 + 131*t**2. What is the units digit of n(8)?
2
Let s be ((-17)/(-34))/(-2 + 13/6). Suppose -m + t + 15 = 0, 2*t + 21 = s*m + 7*t. Suppose l = n - 12, 0*l = -2*n - l + m. What is the units digit of n?
8
Suppose -2*s = f - 6*s - 13745, 4*f + s = 55048. Suppose 18*q + f = 29*q. What is the thousands digit of q?
1
Suppose 36568 = 5*a - 4*w - 9658, -4*a = 5*w - 37030. What is the tens digit of a?
5
Let t = -108 - -565. Suppose 5*v + n = -1033 - 314, 5*n = 4*v + 1066. Let r = v + t. What is the tens digit of r?
8
Let i be (17598/8)/(90/120). Let s = -1989 + i. What is the hundreds digit of s?
9
Suppose -8 = -10*v + 9*v. Let h = 13 - v. Suppose 3*z + 0*z = 3, -5*b + 1120 = h*z. What is the tens digit of b?
2
Suppose -4*y + 9*y + k - 20 = 0, -k + 11 = 2*y. Let n(f) = 29*f**3 + 7*f - 23. What is the hundreds digit of n(y)?
7
Suppose 11*m + m - 222141 = -35073. What is the hundreds digit of m?
5
Let i = 1 + -46. Let q = 42 + i. Let s(d) = 2*d**2 - d - 7. What is the units digit of s(q)?
4
Suppose 114*p = 109*p + 15. Suppose -p*w + 2*g + 1525 = 0, 26